{"id":790,"date":"2018-01-09T21:18:32","date_gmt":"2018-01-09T20:18:32","guid":{"rendered":"http:\/\/127.0.0.1\/wordpress\/?page_id=790"},"modified":"2023-06-02T22:10:01","modified_gmt":"2023-06-02T20:10:01","slug":"mitglied-werden","status":"publish","type":"page","link":"http:\/\/hauzenberg-aktiv.de\/?page_id=790","title":{"rendered":"Mitglied werden"},"content":{"rendered":"<div class=\"wpb-content-wrapper\"><p>[vc_row bg_type=&#8220;image&#8220; bg_image=&#8220;5606&#8243; margin_bottom=&#8220;0&#8243;][vc_column][vc_column_text text_style=&#8220;leader-text&#8220; animation=&#8220;fadeInLeft&#8220; css=&#8220;.vc_custom_1515792923492{margin-top: 10px !important;margin-bottom: 90px !important;}&#8220;]<\/p>\n<p style=\"text-align: justify;\">Viel hat sich bewegt in den vergangenen Jahren in Hauzenberg. Der Wirtschaftsverbund H! Hauzenberg aktiv hat einen gro\u00dfen Teil dazu beigetragen, von sich aus Neues angeregt und auf den Weg gebracht. Sicherlich ist Ihnen der eine oder andere Presseartikel dazu noch im Ged\u00e4chtnis.<\/p>\n<p>F\u00fcr dieses gro\u00dfe Engagement, das der gesamte Vorstand aufbringt, braucht man neben einer geh\u00f6rigen Portion Idealismus auch die Unterst\u00fctzung einer breiten Basis. Wir freuen uns, wenn auch Sie an der Zukunft Hauzenbergs mitwirken wollen und hoffen, Sie schon bald als Mitglied im Wirtschaftsverbund H! Hauzenberg aktiv begr\u00fc\u00dfen zu k\u00f6nnen.[\/vc_column_text][\/vc_column][\/vc_row][vc_row bg_type=&#8220;color&#8220; footer_feature=&#8220;yes&#8220; padding_top=&#8220;90&#8243; padding_bottom=&#8220;90&#8243; bg_color=&#8220;#f9f9f9&#8243;][vc_column tablet_sm_width=&#8220;1&#8243;][vc_column_text text_style=&#8220;leader-text&#8220; css=&#8220;.vc_custom_1522093573698{margin-bottom: 60px !important;}&#8220;]<\/p>\n<h3>Ihre Vorteile<\/h3>\n<p>[\/vc_column_text]<div class=\"eut-element eut-box-icon eut-align-left eut-small eut-animated-item eut-fadeInLeft\" style=\"\" data-delay=\"200\">  <div class=\"eut-wrapper-icon eut-no-shape eut-color-grey\"><i class=\"vc_li vc_li-banknote eut-color-grey\"><\/i><\/div>  <div class=\"eut-box-content\">      <h4 class=\"eut-box-title\">20% Rabatt<\/h4>    <p class=\"\">Sie erhalten 20% Rabatt auf jede Anzeige in der Passauer Neuen Presse und in der PaWo.<\/p>  <\/div><\/div><div class=\"eut-element eut-box-icon eut-align-left eut-small eut-animated-item eut-fadeInLeft\" style=\"\" data-delay=\"200\"><a href=\"http:\/\/127.0.0.1\/wordpress\/?page_id=53\" target=\"_self\">  <div class=\"eut-wrapper-icon eut-no-shape eut-color-grey\"><i class=\"vc_li vc_li-world eut-color-grey\"><\/i><\/div><\/a>  <div class=\"eut-box-content\"><a href=\"http:\/\/127.0.0.1\/wordpress\/?page_id=53\" target=\"_self\">      <h4 class=\"eut-box-title\">Eintrag auf unserer Webseite<\/h4><\/a>    <p class=\"\">Sie erhalten einen kostenlosen Eintrag auf unserer Webseite mit Logo, Kontaktdaten und Verlinkung auf Ihre Seite. Der Auftritt wird st\u00e4ndig aktualisiert.<\/p>  <\/div><\/div><div class=\"eut-element eut-box-icon eut-align-left eut-small eut-animated-item eut-fadeInLeft\" style=\"\" data-delay=\"200\">  <div class=\"eut-wrapper-icon eut-no-shape eut-color-grey\"><i class=\"entypo-icon entypo-icon-users eut-color-grey\"><\/i><\/div>  <div class=\"eut-box-content\">      <h4 class=\"eut-box-title\">Gemeinschaftsaktionen<\/h4>    <p class=\"\">Sie sind automatisch mit Ihrer Firma bei Gemeinschaftsaktionen dabei und st\u00e4rken den Auftritt der Hauzenberger Gesch\u00e4ftswelt nach au\u00dfen.<\/p>  <\/div><\/div><div class=\"eut-element eut-box-icon eut-align-left eut-small eut-animated-item eut-fadeInLeft\" style=\"\" data-delay=\"200\"><a href=\"http:\/\/127.0.0.1\/wordpress\/?page_id=27\" target=\"_self\">  <div class=\"eut-wrapper-icon eut-no-shape eut-color-grey\"><i class=\"fa fa-tag eut-color-grey\"><\/i><\/div><\/a>  <div class=\"eut-box-content\"><a href=\"http:\/\/127.0.0.1\/wordpress\/?page_id=27\" target=\"_self\">      <h4 class=\"eut-box-title\">H! Hauzenberg aktiv-Gutscheine<\/h4><\/a>    <p class=\"\">Sie profitieren von den H! Hauzenberg aktiv-Gutscheinen. Diese k\u00f6nnen bei allen Mitgliedern eingel\u00f6st werden. Die Werbegemeinschaft erstattet Ihnen nat\u00fcrlich diesen Betrag.<\/p>  <\/div><\/div><div class=\"eut-element eut-box-icon eut-align-left eut-small eut-animated-item eut-fadeInLeft\" style=\"\" data-delay=\"200\">  <div class=\"eut-wrapper-icon eut-no-shape eut-color-grey\"><i class=\"entypo-icon entypo-icon-mail eut-color-grey\"><\/i><\/div>  <div class=\"eut-box-content\">      <h4 class=\"eut-box-title\">Mitglieder-Newsletter<\/h4>    <p class=\"\">Sie werden per Mitglieder-Newsletter immer auf den neuesten Stand der Entwicklungen gebracht und \u00fcber Neuigkeiten und Aktionen informiert.<\/p>  <\/div><\/div>[vc_column_text animation=&#8220;fadeInLeft&#8220;]Das sind nur die wichtigsten Vorteile f\u00fcr Sie &#8211; und das Beste daran: Sie haben keinen einzigen Nachteil. Der Mitgliedsbeitrag hat sich meist schon nach einer Anzeigenschaltung amortisiert.<\/p>\n<p><a href=\"http:\/\/hauzenberg-aktiv.de\/wp-content\/uploads\/vorteile_mitgliedschaft.pdf\" target=\"_blank\" rel=\"noopener\">Vorteile H! aktiv-Mitgliedschaft<\/a>[\/vc_column_text][\/vc_column][\/vc_row][vc_row footer_feature=&#8220;yes&#8220; padding_top=&#8220;120&#8243; padding_bottom=&#8220;120&#8243;][vc_column tablet_sm_width=&#8220;1&#8243;][vc_column_text text_style=&#8220;leader-text&#8220; css=&#8220;.vc_custom_1515704509277{margin-bottom: 60px !important;}&#8220;]<\/p>\n<h3>Mitglied werden<\/h3>\n<p>[\/vc_column_text]<div class=\"eut-element eut-box-icon eut-align-left eut-small eut-animated-item eut-fadeInLeft\" style=\"\" data-delay=\"200\">  <div class=\"eut-wrapper-icon eut-no-shape eut-color-grey\"><i class=\"entypo-icon entypo-icon-help-circled eut-color-grey\"><\/i><\/div>  <div class=\"eut-box-content\">      <h4 class=\"eut-box-title\">Haben Sie Fragen?<\/h4>    <p class=\"\">F\u00fcr Fragen erreichen Sie Stefan Pilsl bzw. weitere Vorstandsmitglieder zu den \u00fcblichen Gesch\u00e4ftszeiten.<\/p>  <\/div><\/div><div class=\"eut-element eut-box-icon eut-align-left eut-small eut-animated-item eut-fadeInLeft\" style=\"\" data-delay=\"200\">  <div class=\"eut-wrapper-icon eut-no-shape eut-color-grey\"><i class=\"entypo-icon entypo-icon-user-add eut-color-grey\"><\/i><\/div>  <div class=\"eut-box-content\">      <h4 class=\"eut-box-title\">Beitrittserkl\u00e4rung<\/h4>    <p class=\"\">Melden Sie sich einfach mithilfe der beiliegenden Beitrittserkl\u00e4rung als neues Mitglied an. Wir w\u00fcrden uns freuen, Sie als neues Mitglied im Wirtschaftsverbund H! Hauzenberg aktiv begr\u00fc\u00dfen zu d\u00fcrfen.<\/p>  <\/div><\/div>[vc_column_text animation=&#8220;fadeInLeft&#8220; css=&#8220;.vc_custom_1685736596309{margin-left: 50px !important;}&#8220;]<a href=\"http:\/\/hauzenberg-aktiv.de\/wp-content\/uploads\/beitrittserklaerung.pdf\" target=\"_blank\" rel=\"noopener\">Beitrittserkla\u0308rung<\/a>[\/vc_column_text][\/vc_column][\/vc_row]<\/p>\n<\/div>","protected":false},"excerpt":{"rendered":"<p>[vc_row bg_type=&#8220;image&#8220; bg_image=&#8220;5606&#8243; margin_bottom=&#8220;0&#8243;][vc_column][vc_column_text text_style=&#8220;leader-text&#8220; animation=&#8220;fadeInLeft&#8220; css=&#8220;.vc_custom_1515792923492{margin-top: 10px !important;margin-bottom: 90px !important;}&#8220;] Viel hat sich bewegt in den vergangenen Jahren in Hauzenberg. Der Wirtschaftsverbund H! Hauzenberg aktiv hat einen gro\u00dfen Teil dazu beigetragen, von sich aus Neues angeregt und auf den Weg gebracht. Sicherlich ist Ihnen der eine oder andere Presseartikel dazu noch im Ged\u00e4chtnis. F\u00fcr [&hellip;]<\/p>\n","protected":false},"author":1,"featured_media":806,"parent":0,"menu_order":8,"comment_status":"closed","ping_status":"closed","template":"","meta":{"footnotes":""},"class_list":["post-790","page","type-page","status-publish","has-post-thumbnail","hentry"],"_links":{"self":[{"href":"http:\/\/hauzenberg-aktiv.de\/index.php?rest_route=\/wp\/v2\/pages\/790","targetHints":{"allow":["GET"]}}],"collection":[{"href":"http:\/\/hauzenberg-aktiv.de\/index.php?rest_route=\/wp\/v2\/pages"}],"about":[{"href":"http:\/\/hauzenberg-aktiv.de\/index.php?rest_route=\/wp\/v2\/types\/page"}],"author":[{"embeddable":true,"href":"http:\/\/hauzenberg-aktiv.de\/index.php?rest_route=\/wp\/v2\/users\/1"}],"replies":[{"embeddable":true,"href":"http:\/\/hauzenberg-aktiv.de\/index.php?rest_route=%2Fwp%2Fv2%2Fcomments&post=790"}],"version-history":[{"count":93,"href":"http:\/\/hauzenberg-aktiv.de\/index.php?rest_route=\/wp\/v2\/pages\/790\/revisions"}],"predecessor-version":[{"id":2384,"href":"http:\/\/hauzenberg-aktiv.de\/index.php?rest_route=\/wp\/v2\/pages\/790\/revisions\/2384"}],"wp:featuredmedia":[{"embeddable":true,"href":"http:\/\/hauzenberg-aktiv.de\/index.php?rest_route=\/wp\/v2\/media\/806"}],"wp:attachment":[{"href":"http:\/\/hauzenberg-aktiv.de\/index.php?rest_route=%2Fwp%2Fv2%2Fmedia&parent=790"}],"curies":[{"name":"wp","href":"https:\/\/api.w.org\/{rel}","templated":true}]}}