{"id":10,"date":"2017-12-23T21:26:52","date_gmt":"2017-12-23T20:26:52","guid":{"rendered":"http:\/\/127.0.0.1\/wordpress\/?page_id=10"},"modified":"2026-03-29T20:11:00","modified_gmt":"2026-03-29T18:11:00","slug":"home","status":"publish","type":"page","link":"https:\/\/hauzenberg-aktiv.de\/","title":{"rendered":"Home"},"content":{"rendered":"<div class=\"wpb-content-wrapper\"><p>[vc_row][vc_column width=&#8220;1\/2&#8243; css=&#8220;.vc_custom_1520628047733{padding-right: 50px !important;}&#8220;][vc_row_inner][vc_column_inner]<h3 class=\"eut-element eut-align-left eut-title-line\" style=\"\"><span>Ein Gutschein f\u00fcr fast 100 Gesch\u00e4fte und Dienstleister<\/span><\/h3>[vc_column_text]Schenken ist ohne Zweifel eine gro\u00dfe Freude. Und beschenkt werden in der Regel auch. Aber leider trifft man bei der Suche nach einem passenden Geschenk erfahrungsgem\u00e4\u00df nicht immer ins Schwarze. Mit einem Gutschein ist man dabei meist auf der sicheren Seite. Oder etwa doch nicht? F\u00fcr welches Gesch\u00e4ft oder welche Dienstleistung wollen Sie denn Geld ausgeben, um richtig zu liegen?[\/vc_column_text][vc_column_text css=&#8220;&#8220;]Am besten, Sie \u00fcberlassen dem Beschenkten die freie Auswahl &#8211; mit dem <strong>H! Hauzenberg aktiv-Gutschein<\/strong>. Einzul\u00f6sen bei allen Mitgliedern des Wirtschaftskreises. Mehr Freiheit f\u00fcr mehr Freude k\u00f6nnen Sie nicht schenken!<br \/>\nAuch ideal als Aufmerksamkeit f\u00fcr Ihre Kunden und Mitarbeiter.<\/p>\n<p><strong>Erh\u00e4ltlich sind die Gutscheine bei Foto D\u00fcnnbier (Marktplatz 5) und bei Hagel Malerei &amp; Raumdesign (Fritz-Weidinger-Str. 2) &#8211; jeweils zu den \u00fcblichen Gesch\u00e4ftszeiten.<br \/>\nDie Gutscheine k\u00f6nnen bei <span style=\"text-decoration: underline;\">Foto D\u00fcnnbier<\/span> ab sofort auch bequem mit <span style=\"text-decoration: underline;\">EC- bzw. Bankkarte<\/span> bezahlt werden.<\/strong>[\/vc_column_text]<div class=\"eut-element eut-image eut-align-center\" style=\"\"><a href=\"http:\/\/hauzenberg-aktiv.de\/?page_id=27\" target=\"_self\"><img loading=\"lazy\" decoding=\"async\" width=\"1920\" height=\"1080\" src=\"https:\/\/hauzenberg-aktiv.de\/wp-content\/uploads\/gutschein_feature.jpg\" class=\"attachment-full size-full\" alt=\"\" srcset=\"https:\/\/hauzenberg-aktiv.de\/wp-content\/uploads\/gutschein_feature.jpg 1920w, https:\/\/hauzenberg-aktiv.de\/wp-content\/uploads\/gutschein_feature-600x338.jpg 600w, https:\/\/hauzenberg-aktiv.de\/wp-content\/uploads\/gutschein_feature-300x169.jpg 300w, https:\/\/hauzenberg-aktiv.de\/wp-content\/uploads\/gutschein_feature-768x432.jpg 768w, https:\/\/hauzenberg-aktiv.de\/wp-content\/uploads\/gutschein_feature-1024x576.jpg 1024w, https:\/\/hauzenberg-aktiv.de\/wp-content\/uploads\/gutschein_feature-1170x658.jpg 1170w, https:\/\/hauzenberg-aktiv.de\/wp-content\/uploads\/gutschein_feature-800x450.jpg 800w\" sizes=\"auto, (max-width: 1920px) 100vw, 1920px\" \/><\/a><\/div>[\/vc_column_inner][\/vc_row_inner][\/vc_column][vc_column width=&#8220;1\/2&#8243;][vc_row_inner][vc_column_inner css=&#8220;.vc_custom_1637872895553{border-top-width: 1px !important;border-right-width: 1px !important;border-bottom-width: 1px !important;border-left-width: 1px !important;padding-top: 20px !important;padding-bottom: 20px !important;background-color: #f7f7f7 !important;border-left-color: #8c8c8c !important;border-left-style: solid !important;border-right-color: #8c8c8c !important;border-right-style: solid !important;border-top-color: #8c8c8c !important;border-top-style: solid !important;border-bottom-color: #8c8c8c !important;border-bottom-style: solid !important;}&#8220;]<h3 class=\"eut-element eut-align-left eut-title-no-line\" style=\"\"><span>Aktuelles<\/span><\/h3><h6 class=\"eut-element eut-align-left eut-title-no-line\" style=\"\"><span>News | umg\u00b4schaut - Fr\u00fchling 2026<\/span><\/h6>[vc_column_text css=&#8220;&#8220;]<a href=\"http:\/\/hauzenberg-aktiv.de\/wp-content\/uploads\/umgschaut_fruehling_2026.pdf\" target=\"_blank\" rel=\"noopener\">online lesen&#8230;<\/a><br \/>\n<a href=\"http:\/\/hauzenberg-aktiv.de\/?page_id=30\">mehr zur umg\u00b4schaut&#8230;<\/a>[\/vc_column_text]<h6 class=\"eut-element eut-align-left eut-title-no-line\" style=\"\"><span>Termine | Termine Verkaufsoffene Sonntage 2026<\/span><\/h6>[vc_column_text css=&#8220;&#8220;]Im kommenden Jahr<strong> 2026\u00a0<\/strong>sind zwei verkaufsoffene Sonntage geplant.<br \/>\nDiese finden an folgenden Terminen statt:<\/p>\n<ul>\n<li><strong>Palmsonntag: 29. M\u00e4rz 2026<\/strong><\/li>\n<li><strong>Kirchweih-Sonntag: 18. Oktober 2026<\/strong><\/li>\n<\/ul>\n<p>Weitere Informationen zum jeweiligen Rahmenprogramm bzw. zu den geplanten Aktionen folgen rechtzeitig vor den Veranstaltungen.[\/vc_column_text][\/vc_column_inner][\/vc_row_inner][vc_empty_space height=&#8220;70px&#8220;][\/vc_column][\/vc_row]<\/p>\n<\/div>","protected":false},"excerpt":{"rendered":"<p>[vc_row][vc_column width=&#8220;1\/2&#8243; css=&#8220;.vc_custom_1520628047733{padding-right: 50px !important;}&#8220;][vc_row_inner][vc_column_inner][vc_column_text]Schenken ist ohne Zweifel eine gro\u00dfe Freude. Und beschenkt werden in der Regel auch. Aber leider trifft man bei der Suche nach einem passenden Geschenk erfahrungsgem\u00e4\u00df nicht immer ins Schwarze. Mit einem Gutschein ist man dabei meist auf der sicheren Seite. Oder etwa doch nicht? F\u00fcr welches Gesch\u00e4ft oder welche Dienstleistung [&hellip;]<\/p>\n","protected":false},"author":1,"featured_media":0,"parent":0,"menu_order":1,"comment_status":"closed","ping_status":"closed","template":"","meta":{"footnotes":""},"class_list":["post-10","page","type-page","status-publish","hentry"],"_links":{"self":[{"href":"https:\/\/hauzenberg-aktiv.de\/index.php?rest_route=\/wp\/v2\/pages\/10","targetHints":{"allow":["GET"]}}],"collection":[{"href":"https:\/\/hauzenberg-aktiv.de\/index.php?rest_route=\/wp\/v2\/pages"}],"about":[{"href":"https:\/\/hauzenberg-aktiv.de\/index.php?rest_route=\/wp\/v2\/types\/page"}],"author":[{"embeddable":true,"href":"https:\/\/hauzenberg-aktiv.de\/index.php?rest_route=\/wp\/v2\/users\/1"}],"replies":[{"embeddable":true,"href":"https:\/\/hauzenberg-aktiv.de\/index.php?rest_route=%2Fwp%2Fv2%2Fcomments&post=10"}],"version-history":[{"count":355,"href":"https:\/\/hauzenberg-aktiv.de\/index.php?rest_route=\/wp\/v2\/pages\/10\/revisions"}],"predecessor-version":[{"id":2657,"href":"https:\/\/hauzenberg-aktiv.de\/index.php?rest_route=\/wp\/v2\/pages\/10\/revisions\/2657"}],"wp:attachment":[{"href":"https:\/\/hauzenberg-aktiv.de\/index.php?rest_route=%2Fwp%2Fv2%2Fmedia&parent=10"}],"curies":[{"name":"wp","href":"https:\/\/api.w.org\/{rel}","templated":true}]}}